{"version":"1.0","provider_name":"F-group","provider_url":"https:\/\/www.f-group.hu\/hu","author_name":"garanddesign","author_url":"https:\/\/www.f-group.hu\/hu\/author\/garanddesign\/","title":"Horv\u00e1th Mil\u00e1n a Mez\u0151k\u00f6vesdben folytatja - F-group","type":"rich","width":600,"height":338,"html":"<blockquote class=\"wp-embedded-content\" data-secret=\"p88kHvAkwp\"><a href=\"https:\/\/www.f-group.hu\/hu\/2022\/07\/13\/horvath-milan-a-mezokovesdben-folytatja\/\">Horv\u00e1th Mil\u00e1n a Mez\u0151k\u00f6vesdben folytatja<\/a><\/blockquote><iframe sandbox=\"allow-scripts\" security=\"restricted\" src=\"https:\/\/www.f-group.hu\/hu\/2022\/07\/13\/horvath-milan-a-mezokovesdben-folytatja\/embed\/#?secret=p88kHvAkwp\" width=\"600\" height=\"338\" title=\"&#8220;Horv\u00e1th Mil\u00e1n a Mez\u0151k\u00f6vesdben folytatja&#8221; &#8212; F-group\" data-secret=\"p88kHvAkwp\" frameborder=\"0\" marginwidth=\"0\" marginheight=\"0\" scrolling=\"no\" class=\"wp-embedded-content\"><\/iframe><script type=\"text\/javascript\">\n\/* <![CDATA[ *\/\n\/*! This file is auto-generated *\/\n!function(d,l){\"use strict\";l.querySelector&&d.addEventListener&&\"undefined\"!=typeof URL&&(d.wp=d.wp||{},d.wp.receiveEmbedMessage||(d.wp.receiveEmbedMessage=function(e){var t=e.data;if((t||t.secret||t.message||t.value)&&!\/[^a-zA-Z0-9]\/.test(t.secret)){for(var s,r,n,a=l.querySelectorAll('iframe[data-secret=\"'+t.secret+'\"]'),o=l.querySelectorAll('blockquote[data-secret=\"'+t.secret+'\"]'),c=new RegExp(\"^https?:$\",\"i\"),i=0;i<o.length;i++)o[i].style.display=\"none\";for(i=0;i<a.length;i++)s=a[i],e.source===s.contentWindow&&(s.removeAttribute(\"style\"),\"height\"===t.message?(1e3<(r=parseInt(t.value,10))?r=1e3:~~r<200&&(r=200),s.height=r):\"link\"===t.message&&(r=new URL(s.getAttribute(\"src\")),n=new URL(t.value),c.test(n.protocol))&&n.host===r.host&&l.activeElement===s&&(d.top.location.href=t.value))}},d.addEventListener(\"message\",d.wp.receiveEmbedMessage,!1),l.addEventListener(\"DOMContentLoaded\",function(){for(var e,t,s=l.querySelectorAll(\"iframe.wp-embedded-content\"),r=0;r<s.length;r++)(t=(e=s[r]).getAttribute(\"data-secret\"))||(t=Math.random().toString(36).substring(2,12),e.src+=\"#?secret=\"+t,e.setAttribute(\"data-secret\",t)),e.contentWindow.postMessage({message:\"ready\",secret:t},\"*\")},!1)))}(window,document);\n\/* ]]> *\/\n<\/script>","thumbnail_url":"https:\/\/www.f-group.hu\/wp-content\/uploads\/2022\/07\/horvath-milan-ref.jpg","thumbnail_width":800,"thumbnail_height":700,"description":"A Mez\u0151k\u00f6vesd opci\u00f3s v\u00e1s\u00e1rl\u00e1si joggal egy \u00e9vre k\u00f6lcs\u00f6nvette a Budapest Honv\u00e9dt\u00f3l a 20 \u00e9ves Horv\u00e1th Mil\u00e1nt. Az ifj\u00fa k\u00f6z\u00e9ph\u00e1tv\u00e9d a legut\u00f3bbi k\u00e9t id\u00e9nyt Si\u00f3fokon t\u00f6lt\u00f6tte k\u00f6lcs\u00f6nben, ahol \u00f6sszesen 52 m\u00e1sodoszt\u00e1ly\u00fa bajnokin \u00e9s n\u00e9gy Magyar Kupa-m\u00e9rk\u0151z\u00e9sen l\u00e9pett p\u00e1ly\u00e1ra.A 193 centim\u00e9ter magas j\u00e1t\u00e9kos kor\u00e1bban szerepelt a magyar U16-os \u00e9s U17-es v\u00e1logatottban is."}

Horváth Milán a Mezőkövesdben folytatja - F-group

<blockquote class="wp-embedded-content" data-secret="p88kHvAkwp"><a href="https://www.f-group.hu/hu/2022/07/13/horvath-milan-a-mezokovesdben-folytatja/">Horváth Milán a Mezőkövesdben folytatja</a></blockquote><iframe sandbox="allow-scripts" security="restricted" src="https://www.f-group.hu/hu/2022/07/13/horvath-milan-a-mezokovesdben-folytatja/embed/#?secret=p88kHvAkwp" width="600" height="338" title="&#8220;Horváth Milán a Mezőkövesdben folytatja&#8221; &#8212; F-group" data-secret="p88kHvAkwp" frameborder="0" marginwidth="0" marginheight="0" scrolling="no" class="wp-embedded-content"></iframe><script type="text/javascript">
/* <![CDATA[ */
/*! This file is auto-generated */
!function(d,l){"use strict";l.querySelector&&d.addEventListener&&"undefined"!=typeof URL&&(d.wp=d.wp||{},d.wp.receiveEmbedMessage||(d.wp.receiveEmbedMessage=function(e){var t=e.data;if((t||t.secret||t.message||t.value)&&!/[^a-zA-Z0-9]/.test(t.secret)){for(var s,r,n,a=l.querySelectorAll('iframe[data-secret="'+t.secret+'"]'),o=l.querySelectorAll('blockquote[data-secret="'+t.secret+'"]'),c=new RegExp("^https?:$","i"),i=0;i<o.length;i++)o[i].style.display="none";for(i=0;i<a.length;i++)s=a[i],e.source===s.contentWindow&&(s.removeAttribute("style"),"height"===t.message?(1e3<(r=parseInt(t.value,10))?r=1e3:~~r<200&&(r=200),s.height=r):"link"===t.message&&(r=new URL(s.getAttribute("src")),n=new URL(t.value),c.test(n.protocol))&&n.host===r.host&&l.activeElement===s&&(d.top.location.href=t.value))}},d.addEventListener("message",d.wp.receiveEmbedMessage,!1),l.addEventListener("DOMContentLoaded",function(){for(var e,t,s=l.querySelectorAll("iframe.wp-embedded-content"),r=0;r<s.length;r++)(t=(e=s[r]).getAttribute("data-secret"))||(t=Math.random().toString(36).substring(2,12),e.src+="#?secret="+t,e.setAttribute("data-secret",t)),e.contentWindow.postMessage({message:"ready",secret:t},"*")},!1)))}(window,document);
/* ]]> */
</script>

A Mezőkövesd opciós vásárlási joggal egy évre kölcsönvette a Budapest Honvédtól a 20 éves Horváth Milánt. Az ifjú középhátvéd a legutóbbi két idényt Siófokon töltötte kölcsönben, ahol összesen 52 másodosztályú bajnokin és négy Magyar Kupa-mérkőzésen lépett pályára.A 193 centiméter magas játékos korábban szerepelt a magyar U16-os és U17-es válogatottban is.
